3 = 0. List the prime factors of r.
2, 7
Let z(y) = -y - 3. Let a be z(-7). Suppose -10 = -2*m - a. What are the prime factors of m?
3
List the prime factors of (4/(-3) + 2)*1809/6.
3, 67
What are the prime factors of (65/(-2))/(-2 - 12/(-8))?
5, 13
Let a = -2 + 1. List the prime factors of (-3 - -15) + a + 0.
11
Let f = -4 - -4. Suppose 3*a = -4*s + 9, f*s = s - 5*a + 15. Suppose -3*x + 5*q + 10 = s, x + q - 1 - 5 = 0. List the prime factors of x.
5
Let f = -2 - -14. List the prime factors of f.
2, 3
Suppose -2*b = 36 - 94. List the prime factors of b.
29
Let c = 21 - 1. List the prime factors of c.
2, 5
Let k(x) = 3*x**3 - 2*x + 1. Let u be 10/8 - 2/8. Let d be k(u). Suppose -18 + 2 = -d*b. List the prime factors of b.
2
Suppose g - 5*c = 6*g - 45, 0 = 5*c + 15. Let d be (14/(-21))/((-2)/g). Suppose -d*i - 4 = -5*i. List the prime factors of i.
2
Let k(o) = o**3 + 6*o**2 + 4*o + 2. Let c be k(-4). Suppose -m + c = 4*a - 48, 0 = 5*a + 4*m - 88. What are the prime factors of a?
2
Let r = 37 - 23. What are the prime factors of ((-36)/r)/((-3)/21)?
2, 3
Suppose 34 + 86 = 2*o. Let b be o - (-1 + 5 - 2). What are the prime factors of (-2)/3 - b/(-6)?
3
List the prime factors of (-107 + -1)*10/(-15).
2, 3
Suppose -3*x - y + 294 = 0, 206 = 2*x - 0*y + 4*y. List the prime factors of x.
97
Suppose 2 = 2*w, -2*w + 142 = 4*o - 0*w. Let d = o - 13. What are the prime factors of d?
2, 11
Suppose -5*u + u + g = 0, 0 = 4*u + 2*g. Let r = u + 6. What are the prime factors of ((-2)/r)/(4/(-24))?
2
Let m(h) be the first derivative of 5*h**3/3 - h**2 + 2. List the prime factors of m(-2).
2, 3
Let v = 7 - 11. Let y = v + 4. Let w = 7 + y. What are the prime factors of w?
7
Suppose 0 = -p + 4*h + 14, -2*h = 5*p - 7*h - 10. Suppose -m + 3 = 3*l - 0, 3*m + 4*l + 6 = 0. Let c = p - m. What are the prime factors of c?
2
Let h(o) = o**2 - 9*o. Let f be h(9). Suppose -d - 3 = x + 4*d, f = -2*x - 5*d + 9. Suppose 2*u = -r - 4*r - x, u + r = 0. What are the prime factors of u?
2
Suppose 0 = 3*k - 12, -4*h - 2*k = -2*h - 152. List the prime factors of h.
2, 3
Let s(h) = h**3 + 15*h**2 - 4*h + 32. What are the prime factors of s(-15)?
2, 23
Let b = -63 - 32. Let t = -56 - b. What are the prime factors of t?
3, 13
Suppose 12 = -0*y + 3*y. Suppose 0 = y*c - 38 - 10. List the prime factors of c.
2, 3
Let v(p) be the third derivative of p**5/10 + p**4/12 + p**3/6 + p**2. List the prime factors of v(-1).
5
Suppose 3*u + 5*r - 81 = 0, 5*u - 5*r - 140 = 35. What are the prime factors of u?
2
Suppose 0 = -r + 28 - 6. What are the prime factors of r?
2, 11
Let o = -150 - -313. List the prime factors of o.
163
Let b(f) = f**2 + 8*f + 11. Let h be b(-7). Suppose 2*s = m + 39, 2*s + h*m = 25 + 29. List the prime factors of s.
3, 7
Let o be (-70)/(-8) - (-1)/4. Suppose 4*m + 4*p - 23 = o, -4*m = -4*p - 8. Suppose 0 = -m*g + 5*y + 75, g + 3*y = -y. List the prime factors of g.
2, 3
Let x(k) be the first derivative of -k**3/3 + 4*k**2 + 7*k + 4. What are the prime factors of x(6)?
19
Suppose 5*l - 114 = 2*l. Let n = l - 25. List the prime factors of n.
13
Let k be 0 + 1 - (3 - 1). Let b = k - -4. List the prime factors of b.
3
List the prime factors of 3 - ((-613)/4 - (-15)/(-20)).
157
Suppose l - 1 = 1. Suppose -4*b - l*g = -108, 5*g - 1 + 67 = 2*b. List the prime factors of b.
2, 7
Suppose q + 2*q - 4*f + 1 = 0, 0 = q + 2*f - 13. Suppose 2*s - h = 3 + 1, -q*h = -3*s - 1. Suppose s*p - 23 = 1. What are the prime factors of p?
2
Let q(d) = 6*d**2 + d - 1. Let o = 14 + -10. Suppose -o*m + 6 = 2. List the prime factors of q(m).
2, 3
Suppose 3*y = 13 + 23. List the prime factors of y.
2, 3
Let d(f) = f**3 - f**2 + 4*f + 1. Let k = -4 + 7. List the prime factors of d(k).
31
Let a = 15 + -7. List the prime factors of a.
2
Let x(w) = -w**2 - 6*w + 10. Suppose 2*j - j + 7 = 0. What are the prime factors of x(j)?
3
Let j be 5 - (3 - 1 - 2). Suppose -1 = 2*g - j. Suppose -7*t + g*t = -90. What are the prime factors of t?
2, 3
Let i(c) = c**2 + 4*c. Let l be i(-4). Suppose o + 3*o + 3*n - 188 = l, 3*n = 3*o - 120. What are the prime factors of o?
2, 11
Suppose 0 = -c + 12 - 3. Suppose o = -0*o - 4*j + c, o + j - 21 = 0. List the prime factors of o.
5
Let w = -37 + 18. Let l = -10 - w. What are the prime factors of l?
3
Let x(a) = -a + 4. List the prime factors of x(1).
3
Let d(k) = -4*k**3 + k. Let v be d(-1). Suppose v*l - 33 = -3*u, 2*l = 4*l - 5*u - 22. What are the prime factors of l?
11
Let c be 177/6 - (-1)/2. Let a = 3 - 3. Suppose 2*s - 39 = -5*u, 3*u - c = s - a*s. What are the prime factors of u?
3
Let d(i) = -i**2 - 6*i - 1. Let s be d(-4). Let h(o) = -16 + o**2 - 2*o + 6 - 2*o. What are the prime factors of h(s)?
11
Let j = 7 - 15. Let l = -3 - j. Let k = l - -1. What are the prime factors of k?
2, 3
Let u = -2 - -17. Let s = u - 10. List the prime factors of s.
5
Suppose 5 + 5 = -5*f, 4*l + 2*f = 0. Let z be -1*(1 + (0 - l)). What are the prime factors of (2 - (1 - z)) + 2?
3
Suppose s + 3*f = 6, 0*s + 3*s - 10 = -5*f. Let u be (-3)/((-3)/(-111) + s). What are the prime factors of u/(-9) - (-2)/3?
13
Let b = 45 - 36. What are the prime factors of b?
3
Suppose -2*z + 4 = -z + 3*t, 3*z + t - 52 = 0. Let w = 4 + z. What are the prime factors of w?
23
Suppose 5*s = 2*k - 478, k - s - 252 = -5*s. What are the prime factors of k?
2, 61
Suppose -i - 35 = -2*a, -2*i + 4*i = 10. Let f = -12 + a. Suppose f = 3*k - 7. List the prime factors of k.
5
Suppose -112 = 3*q - s + 7, -3*s - 163 = 4*q. What are the prime factors of (3/(-2))/(6/q)?
2, 5
Let h(g) = -g**3 - g**2 - 4*g + 7. What are the prime factors of h(-4)?
71
Suppose -5*z = 5*y - 4*y + 8, 2*z = -4*y - 32. Let q(g) be the third derivative of g**4/24 + 7*g**3/3 + g**2. What are the prime factors of q(y)?
2, 3
Let o = -133 - -187. Suppose 0 = 4*k - 4*p - 8 + 80, -3*k - 5*p = o. Let z = -13 - k. List the prime factors of z.
5
Let s(b) = -b + 3. Let g be -2*(0 + (-9)/(-6)). Let m be s(g). Suppose -m*t + 21 = -t - 2*d, 3*d = 2*t - 4. What are the prime factors of t?
5
Suppose -4*l = -3*c + 133, 3*l + 2*l - 127 = -2*c. Let u = c + -36. What are the prime factors of u?
3, 5
Let j(d) = d + 2. Let w be j(-2). What are the prime factors of (w - -3) + 2 + -2?
3
Suppose 0 = -3*x + 4*b + 12, 0 = 4*x + 2*b - 3*b - 16. Suppose 2*v + 2*s = 6, 4*v + x = 3*s + 9. What are the prime factors of v?
2
Let y(k) = -k**3 - k**2 + k + 17. Let d be y(0). Suppose 0 - d = -c. What are the prime factors of c?
17
Let n = 16 - -26. Suppose 2*w = 5*w - n. What are the prime factors of w?
2, 7
Let f = 17 + -9. Let u(t) = -t**2 + 4*t - 1. Let p be u(3). Let x = p + f. What are the prime factors of x?
2, 5
Let v(n) = -n**3 + n - 2. Let k be v(-2). Let a = k - 10. List the prime factors of (4/a)/((-4)/12).
2
Let k = -3 - -13. Let t = k + -8. List the prime factors of t.
2
Let n(w) = 5*w**3 - 6*w**2 - 5*w + 6. Let v(d) = 6*d**3 - 7*d**2 - 5*d + 7. Let z(j) = 5*n(j) - 4*v(j). List the prime factors of z(4).
2, 7
Suppose -4*b = 2*u - 4*u - 530, b - 4*u = 143. List the prime factors of b.
131
Suppose -5*o = -4*o - 3. Suppose i = o*i - 46. List the prime factors of i.
23
Let g be 6/4*28/21. Let m(w) = w**3 - w**g + w**2 + 5*w + 4 + 5*w**2. What are the prime factors of m(-3)?
7
Let f = 56 - -4. What are the prime factors of f?
2, 3, 5
Let t = 57 - -31. List the prime factors of t.
2, 11
Let l(t) = -t**3 - 8*t**2 - 7*t + 9. Let n be 1/(2/(-17 + 3)). List the prime factors of l(n).
3
Let v(t) = 20*t**2 + 1. Let n be v(1). Let p be (12/9 - 0)*n. Let o = p + -16. What are the prime factors of o?
2, 3
Let x(z) = -z**3 - z**2 - 1. Let w(m) = -4*m**3 - 4*m**2 - 3. Let o(h) = -w(h) + 3*x(h). Let u be o(1). Suppose u*l = -0*l + 4. List the prime factors of l.
2
Suppose -5*r - 16 = 3*n, -2*n + 14 = n - r. What are the prime factors of n?
3
Let c(a) = -a - 3. Suppose 4*o - 2*g + 9 = -1, o - 4*g = 8. Let v be c(o). Suppose -v = m - 8. What are the prime factors of m?
7
Let b(u) = u**2 - 5*u - 9. Suppose -5*m - 4 = -4*m. Let r = m + 11. List the prime factors of b(r).
5
Let z(w) be the first derivative of -10*w**2 - 10*w + 2. Let g(m) = -m - 1. Let y(p) = -10*g(p) + z(p). List the prime factors of y(-1).
2, 5
Let o(w) = -222*w + 4. What are the prime factors of o(-1)?
2, 113
Let j(b) = -